et t = 8 + 0. Suppose 0 = 2*q - 5*p - t, 5*q + 4*p = 18 + 2. Suppose 6*f = 3*f + q*w - 14, f = -5*w + 27. What is the units digit of f?
2
Let q(v) = -10*v - 15. Let f(z) = 19*z + 31. Let x(d) = -3*f(d) - 5*q(d). What is the tens digit of x(-9)?
4
Suppose 35*b + 0*b - 1295 = 0. What is the tens digit of b?
3
Let l = 821 - -430. What is the tens digit of l?
5
Let d(m) = 2*m**3 - 3*m**2 - 2*m + 3. Suppose -3*p - 3 = 3*i, 0 = 5*i - 0*p - 2*p - 30. What is the units digit of d(i)?
5
Let b = 21 - 31. What is the tens digit of (5/b)/(1/(-36))?
1
Let p(d) be the third derivative of 11*d**5/30 - d**4/4 - 7*d**3/6 + 8*d**2. What is the tens digit of p(-2)?
9
Suppose -3*r + 6924 = 9*r. What is the units digit of r?
7
Suppose 1161 + 397 = 2*f. What is the hundreds digit of f?
7
Suppose 3*k = 15, 2*q + 0*q - 2*k = -10. Suppose q = 4*r - 5*r + 5. Suppose t + 0*t = 2*j - 43, 107 = 4*j + r*t. What is the tens digit of j?
2
Let w be (-9 + (2 - 2))*-1. Let t(b) = 3*b**2 + 20*b - 5. Let x(d) = d**2 + 9*d - 2. Let j(k) = 2*t(k) - 5*x(k). What is the units digit of j(w)?
6
Let n(u) = u + 29. Let m be n(0). Let f = m + 22. Let y = 76 - f. What is the units digit of y?
5
Suppose -q = -2*q - 5, 37 = 3*k + q. Let h(w) = w + 2. Let g be h(2). Let d = k - g. What is the tens digit of d?
1
Suppose 24*j - 5455 = 19649. What is the thousands digit of j?
1
Suppose -4*c + 5*m + 158 + 79 = 0, 176 = 3*c - 2*m. What is the units digit of c?
8
Suppose 0*o + 54*o - 3078 = 0. What is the tens digit of o?
5
Suppose 2*x + 2128 = -2*r + 6*r, -r + 3*x = -522. What is the hundreds digit of r?
5
Let k = -51 + 60. Let b = k - 5. What is the units digit of b?
4
Let m = -27 + 23. Let y be 2760/16*m/(-6). Suppose 0 = 3*q - h - 139, 3*q + 3*h = -2*h + y. What is the units digit of q?
5
Let l be (-9)/6 - 38/(-4). What is the units digit of l/(-2)*(-106)/8?
3
Let r = 1 - 1. Suppose 6 = -2*m - r*m. Let b(a) = 4*a**2 - 4*a. What is the tens digit of b(m)?
4
Suppose -4*s - 5*a + 12761 = 0, 5*s - 15905 = 5*a - 2*a. What is the tens digit of s?
8
Suppose 28 = 2*v + 4. What is the tens digit of 286/3 + (-4)/v?
9
Let b = -1449 - -1833. What is the tens digit of b?
8
Let n(h) = -207*h - 8. Let o be n(-5). Suppose 4*j = -u + o, 2*j + 3*u - 8*u - 541 = 0. What is the units digit of j?
8
Let p = -2112 - -4840. What is the thousands digit of p?
2
Suppose 2942 = 8*w - 23586. What is the tens digit of w?
1
Let x be (-10)/3*264/(-20). Suppose 50*s - 1116 = x*s. What is the tens digit of s?
8
Let d(z) = -z - 7. Let w be d(-12). Suppose 0 = 5*c + w*g - 505, -3*c - 7*g + 305 = -2*g. What is the units digit of c?
0
Let t(v) = -v**2 + 14*v - 13. Let x be t(13). Let a be x*2/6 + 4. Suppose -p - 4*q + 56 = 0, 0*q = a*p - q - 190. What is the units digit of p?
8
Suppose -w - 9 = -1. Let b = w + 85. What is the tens digit of b?
7
Let c be 4/20 - 95/(-25). Suppose c*q - 126 - 98 = -4*v, -5*v + 2*q + 301 = 0. What is the tens digit of v?
5
Suppose -12*m = -32*m + 18340. What is the units digit of m?
7
Suppose 3*x - 7 = 11. Let s(p) = 6*p - 24. Let c(q) = -3*q + 12. Let f(m) = 5*c(m) + 3*s(m). What is the units digit of f(x)?
6
Let z(b) = -3*b - 7. Let o be z(-4). Suppose -o*d = 4*a - 3*a, 54 = -5*a + 2*d. Let f = 39 + a. What is the tens digit of f?
2
Let v(z) = 356*z - 45. What is the units digit of v(5)?
5
Let x(s) = -1 - 3 - 3*s**3 + 2*s**3 - 2*s**2 + 0*s**2 - 3*s. Let f(y) = y**2 - 5*y - 8. Let u be f(6). What is the units digit of x(u)?
2
Let d be ((-15)/2)/((-15)/50). Suppose -f + 46 = 2*f - 4*b, d = 5*b. What is the tens digit of f?
2
Suppose 16*x + 4 = 14*x. Let j(g) = -17*g - 17. What is the tens digit of j(x)?
1
Let u(z) = -z**3 + 8*z**2 - 9*z. Let r be u(7). Let c(k) = 17*k + 2 + 10 - k**3 - 6*k - 13*k**2. What is the tens digit of c(r)?
5
Suppose 2*z + 5*m - 7962 = 2765, -z - 2*m + 5366 = 0. What is the units digit of z?
6
Suppose -4*s + 2*s = -110. What is the tens digit of s?
5
Let q = 2595 + 1101. What is the units digit of q?
6
Suppose -5*m + n - 146 = 0, -4*m - n = -2*n + 117. What is the tens digit of (m*2)/(4/(-2))?
2
Suppose 2*m - 6*f + f - 89 = 0, 117 = 3*m - 2*f. Suppose m = 3*l - 56. What is the units digit of l?
1
Suppose 3*v = t + 190, -2*v + 0*v + 145 = 3*t. What is the tens digit of v?
6
Suppose 3*c + 2*a = a - 2344, 0 = 2*a + 8. Let s be 3/(-2) + c/(-8). Suppose -3*q = -5*t + s, t - 44 = -2*t - 5*q. What is the tens digit of t?
1
Let o be 0 - (-5 - 0 - -2). Suppose 0 = -o*v + 54 + 84. What is the units digit of v?
6
Let b = 221 + -31. What is the units digit of b?
0
Suppose -2*o - 2*s = -1006, o - 2*s - 109 = 385. What is the tens digit of o?
0
Let y(x) = -16*x**3 - 3*x**2 - 5*x + 1. What is the units digit of y(-5)?
1
Let u be 11*5*(-3 - -4). Let h = 103 - u. What is the tens digit of h?
4
Suppose 2*y - 3208 = -6*y. What is the hundreds digit of y?
4
Suppose 5*l + 228 = p + 44, -4*l - 784 = -4*p. Suppose 5*g - p = 21. What is the tens digit of g?
4
Let s = 1463 - 554. What is the units digit of s?
9
Let j(k) = k**3 + 12*k**2 - 2*k - 14. Let m be j(-12). What is the tens digit of (5 + -2 - 2) + (35 - m)?
2
Let f(y) = 12*y**2 - 16*y - 25. What is the units digit of f(-6)?
3
Let j(y) = -y**3 - 9*y**2 + 9*y + 19. Let h be j(-10). Suppose 8*r - 3 = h. What is the units digit of r?
4
Let l(c) = c**2 - 9*c + 21. Let u be l(9). Suppose -3*k + 3*i = -i - u, 3*k + 5*i + 6 = 0. Suppose -k*a = a - 4. What is the units digit of a?
1
Suppose -r + 50 = -5*h - 6*r, 7 = -h - 2*r. Let o(d) = -12*d - 41. What is the hundreds digit of o(h)?
1
Let u(g) = -17*g + 10. Let q be u(-5). Let t = q - -177. What is the units digit of t?
2
Suppose 7*o - 2*o = 4*j - 13, -11 = -3*j + 5*o. Suppose -6*i + j*i + 180 = 0. Let y = i + -17. What is the units digit of y?
8
Suppose -3*f + 14992 = -o, 2*f - 4*o - 13835 + 3837 = 0. What is the hundreds digit of f?
9
What is the units digit of (-10)/30 + (-9888)/(-18)?
9
Suppose -3*f + 501 = 3*c - 4*c, 849 = 5*f + 3*c. What is the units digit of f?
8
Suppose 11*j = 9*j - 18. Let w = 87 - j. What is the tens digit of w?
9
Let p(h) = -11 + 5*h - 9 - 17 + 29. Suppose 10 - 2 = a. What is the tens digit of p(a)?
3
Let d = -23 - 6. Let i = 36 + d. What is the units digit of i?
7
Let c(o) = -o**3 + 5*o**2 + 46*o + 86. What is the thousands digit of c(-11)?
1
Let g be -2*18/4 - (0 + 0). What is the tens digit of 1026/(-12)*6/g?
5
Let q = 13 + -10. Let u be (-15)/25 + 168/(-20). What is the tens digit of -3 - (q + 2)*u?
4
Let p(v) = v - 9. Let n be p(12). Let c(o) = 5*o**3 - 2*o - 4. What is the hundreds digit of c(n)?
1
Let q be 296/12 + 2/(-3). Let f be q/(-16) + 26/4. Let t = 12 - f. What is the units digit of t?
7
Let y(s) = -13*s + 319. What is the units digit of y(-16)?
7
Let t = 643 + 342. What is the tens digit of t?
8
What is the hundreds digit of (3668 - (-63)/(-9)) + 4?
6
Suppose 2*f - 20 = 3*c, -2*c + c = 5*f - 16. Suppose -2*n = -f*o - 116, 58 = n - 6*o + 2*o. Let k = -32 + n. What is the tens digit of k?
2
Suppose -2*r + 2*t = -6964, -4*t + 9*t = r - 3486. What is the thousands digit of r?
3
Let d = 1 + 5. Let o = 13 - d. Suppose 0 = -4*r - o + 99. What is the units digit of r?
3
What is the hundreds digit of 320/12*(-1 + 182/8)?
5
Let a(y) be the second derivative of y**4/3 - y**3/6 - 13*y**2 - 6*y. What is the tens digit of a(-6)?
2
Let f(q) = 31*q - 125. What is the hundreds digit of f(37)?
0
Let a be (-6 + 5)*(2 + -122). Let c = a - 60. What is the tens digit of c?
6
Let g be ((-14)/(-3) + 0)/((-2)/(-39)). Suppose 48 + g = z. What is the tens digit of z?
3
Let i(j) = 124*j**2 - 3*j + 2. Let p be i(2). Suppose 5*f = -3*n + p, 2*n + 366 + 10 = 4*f. What is the tens digit of f?
9
Suppose 0 = 2*r + n - 1, -4*n + 8*n = 3*r - 29. Let z be (0 - -2 - r) + 4. Suppose 2*w + 6 = q - 0*w, -3*q + 33 = -z*w. What is the tens digit of q?
1
Let k(x) = 167*x + 23. What is the tens digit of k(2)?
5
Let w = -21 + 23. Suppose -w*v = -5*v. Suppose 3*k - 110 - 34 = v. What is the tens digit of k?
4
Let t(v) = -141*v**3 + 5*v**2 + 10*v + 3. What is the tens digit of t(-3)?
2
Let w be -2 + (-2 - (-3 - -3)). Let t be 3/w*(-16 - 168). Suppose 5*m = -m + t. What is the tens digit of m?
2
Let d(z) = -6 - 2 - 15*z + 7. What is the units digit of d(-6)?
9
Let j(y) be the first derivative of -1/4*y*